{"id":2,"date":"2014-06-23T09:37:47","date_gmt":"2014-06-23T09:37:47","guid":{"rendered":"http:\/\/www.rgti.net\/?page_id=2"},"modified":"2014-06-23T13:33:05","modified_gmt":"2014-06-23T11:33:05","slug":"sample-page","status":"publish","type":"page","link":"https:\/\/www.rgti.net\/?page_id=2","title":{"rendered":"Sobre mi"},"content":{"rendered":"<div class=\"feature\" style=\"color: #ffcc99;\">\n<h3 class=\"Estilo1\" style=\"color: #ffff00;\"><\/h3>\n<p><span style=\"color: #000000;\">El meu nom es Rafel, Soc d&#8217;un poble que es diu Olesa de Montserrat a la comarca del baix llobregat provincia de Barcelona a Catalunya, ting mes de quaranta anys i des de els catorze que vaig comen\u00e7ar amb la fotografia.<\/span><\/p>\n<\/div>\n<div class=\"story\" style=\"color: #ffcc99;\">\n<h3 class=\"Estilo1\" style=\"color: #ffff00;\"><span style=\"color: #800000;\">ELS MEUS INICIS<br \/>\n<\/span><\/h3>\n<p><span style=\"color: #000000;\">Ja des de jove vaig sentir curiositat pel tema de la fotografia, afortunadament, el meu pare\u00a0tamb\u00e9 li agradava i tenia una c\u00e0mera a casa de pel\u00b7l\u00edcula amb la que feia les fotos\u00a0familiars. Aquella c\u00e0mera va ser la primera que va caure a les meves mans i amb la que vaig\u00a0comen\u00e7ar a entendre com funcionava tot aix\u00f2 de la llum, apertures, velocitats, diafragmes,\u00a0isos&#8230; etc.<\/span><\/p>\n<\/div>\n<div class=\"story\" style=\"color: #ffff00;\"><\/div>\n<div class=\"story\" style=\"color: #ffff00;\"><a href=\"http:\/\/www.rgti.net\/wp-content\/uploads\/2014\/06\/DSC3086.jpg\"><img loading=\"lazy\" decoding=\"async\" class=\"alignnone size-medium wp-image-32\" src=\"http:\/\/www.rgti.net\/wp-content\/uploads\/2014\/06\/DSC3086-300x199.jpg\" alt=\"_DSC3086\" width=\"300\" height=\"199\" srcset=\"https:\/\/www.rgti.net\/wp-content\/uploads\/2014\/06\/DSC3086-300x199.jpg 300w, https:\/\/www.rgti.net\/wp-content\/uploads\/2014\/06\/DSC3086.jpg 1024w\" sizes=\"auto, (max-width: 300px) 100vw, 300px\" \/><\/a> <a href=\"http:\/\/www.rgti.net\/wp-content\/uploads\/2014\/06\/DSC3087.jpg\"><img loading=\"lazy\" decoding=\"async\" class=\"alignnone size-medium wp-image-33\" src=\"http:\/\/www.rgti.net\/wp-content\/uploads\/2014\/06\/DSC3087-300x199.jpg\" alt=\"_DSC3087\" width=\"300\" height=\"199\" srcset=\"https:\/\/www.rgti.net\/wp-content\/uploads\/2014\/06\/DSC3087-300x199.jpg 300w, https:\/\/www.rgti.net\/wp-content\/uploads\/2014\/06\/DSC3087.jpg 1024w\" sizes=\"auto, (max-width: 300px) 100vw, 300px\" \/><\/a><\/div>\n<div class=\"story\" style=\"color: #ffff00;\"><\/div>\n<div class=\"story\" style=\"color: #ffcc99;\"><\/div>\n<div class=\"story\" style=\"color: #ffff00;\"><span style=\"color: #000000;\">La YASHICA MINISTER D es una c\u00e0mera que es va comercialitzar als voltants de 1963, utilitza\u00a0pel\u00b7l\u00edcula de 35mm, porta una lent YASHINON de 5 elements en 4 grups de 4,5cm i f2,8-f16,\u00a0pot enfocar de 0,8 a infinit, pot disparar des de 1 fins a 1\/500 seg. I B; en la part de sota del\u00a0objectiu te un temporitzador mec\u00e0nic pel retard de disparar i al costat del objectiu te un\u00a0connector per un flaix que vagi per cable. Donat lo car que era la compra del rodet i el posterior revelat, no vaig poder dedicar-me a fer gaires fotos i em vaig acomodar amb algunes compactes que ho feien tot soles\u00a0sense preocupar-me massa dels par\u00e0metres. Les fotografies que feia eren sobretot de\u00a0esdeveniments familiars. Una d\u2019elles era la FUJI DL25. Va ser a finals de 1989 que vaig decidir comprar-me la primera reflex que he tingut, una\u00a0PETRI, recordo que en aquella \u00e8poca em va costar 35.000.-pts i va ser tornar a aprendre a\u00a0fer fotografies, va coincidir a partir d\u2019aquell moment que vaig comen\u00e7ar a sortir i a fer m\u00e9s\u00a0fotografia de paisatge.<\/span><\/div>\n<div class=\"story\" style=\"color: #ffff00;\"><\/div>\n<div class=\"story\" style=\"color: #ffcc99;\"><img loading=\"lazy\" decoding=\"async\" class=\"alignnone size-medium wp-image-17\" src=\"http:\/\/www.rgti.net\/wp-content\/uploads\/2014\/06\/petri-1_01-300x199.jpg\" alt=\"petri 1_01\" width=\"300\" height=\"199\" srcset=\"https:\/\/www.rgti.net\/wp-content\/uploads\/2014\/06\/petri-1_01-300x199.jpg 300w, https:\/\/www.rgti.net\/wp-content\/uploads\/2014\/06\/petri-1_01.jpg 600w\" sizes=\"auto, (max-width: 300px) 100vw, 300px\" \/><\/div>\n<div class=\"story\" style=\"color: #ffcc99;\"><\/div>\n<div class=\"story\" style=\"color: #ffcc99;\"><\/div>\n<div class=\"story\" style=\"color: #ffcc99;\"><\/div>\n<div class=\"story\" style=\"color: #ffcc99;\"><\/div>\n<div class=\"story\" style=\"color: #ffcc99;\"><\/div>\n<div class=\"story\" style=\"color: #ffcc99;\"><span style=\"color: #000000;\">Cap a l\u2019any 2000, aprofitant que el meu germ\u00e0 viatjava molt i freq\u00fcentava Singapur, pa\u00eds on\u00a0la electr\u00f2nica est\u00e0 millor de preu que aqu\u00ed, li vaig demanar que em portes una c\u00e0mera amb\u00a0mes prestacions que la PETRI, va ser aleshores que em va portar una NIKON F60. Amb aquesta\u00a0c\u00e0mera ja em sentia m\u00e9s c\u00f2mode i m\u2019atrevia a fer reportatges de casaments, comunions,\u00a0batejos etc.nomes per afici\u00f3. La PETRI li vaig vendre a un bon\u00a0amic que encara la conserva i me l\u2019ha deixat uns dies per fer-li unes fotos per posar-les aqu\u00ed,\u00a0gracies Dani.<\/span><\/div>\n<div class=\"story\" style=\"color: #ffcc99;\"><\/div>\n<div class=\"story\" style=\"color: #ffcc99;\"><img loading=\"lazy\" decoding=\"async\" class=\"alignnone size-medium wp-image-12\" src=\"http:\/\/www.rgti.net\/wp-content\/uploads\/2014\/06\/petri-5_01-300x199.jpg\" alt=\"petri 5_01\" width=\"300\" height=\"199\" srcset=\"https:\/\/www.rgti.net\/wp-content\/uploads\/2014\/06\/petri-5_01-300x199.jpg 300w, https:\/\/www.rgti.net\/wp-content\/uploads\/2014\/06\/petri-5_01.jpg 600w\" sizes=\"auto, (max-width: 300px) 100vw, 300px\" \/><img loading=\"lazy\" decoding=\"async\" class=\"alignnone size-medium wp-image-30\" src=\"http:\/\/www.rgti.net\/wp-content\/uploads\/2014\/06\/DSC3090-300x199.jpg\" alt=\"_DSC3090\" width=\"300\" height=\"199\" srcset=\"https:\/\/www.rgti.net\/wp-content\/uploads\/2014\/06\/DSC3090-300x199.jpg 300w, https:\/\/www.rgti.net\/wp-content\/uploads\/2014\/06\/DSC3090.jpg 1024w\" sizes=\"auto, (max-width: 300px) 100vw, 300px\" \/><\/div>\n<div class=\"story\" style=\"color: #ffcc99;\"><\/div>\n<div class=\"story\" style=\"color: #ffcc99;\"><\/div>\n<div class=\"story\" style=\"color: #ffcc99;\"><\/div>\n<div class=\"story\" style=\"color: #ffcc99;\"><\/div>\n<div class=\"story\" style=\"color: #ffcc99;\"><\/div>\n<div class=\"story\" style=\"color: #ffcc99;\"><span style=\"color: #000000;\">La NIKON F60 es una c\u00e0mera DSLR per pel\u00b7l\u00edcula de 35mm d\u2019objectius intercanviables\u00a0amb moltes funcions autom\u00e0tiques; porta un dial de selecci\u00f3 de modos amb posicions\u00a0preprogramades tipus retrat, paisatge, esports etc i les semiautom\u00e0tiques i manual P, S, A,\u00a0M. Te un sistema d\u2019autofocus, botons directes per la compensaci\u00f3 de la exposici\u00f3, roda per\u00a0canviar els valors d\u2019obertura i velocitat, display on es mostra la informaci\u00f3 de la configuraci\u00f3,\u00a0un segon display en la tapa posterior on esta la data i un boto amb el que pots seleccionar si\u00a0vols que surti impresa a la foto o no. Te un llum d\u2019assist\u00e8ncia al enfocament i flaix incorporat. Com a curiositat cal dir que te un selector a la part de sota al costat de la rosca del tr\u00edpode amb\u00a0el qual podies seleccionar si volies que la foto fos panor\u00e0mica, que el que fa es que genera\u00a0dues franges negres (una a dalt i un altre a baix) de la fotografia i en el moment del revelat\u00a0s\u2019ha de positivar en un paper m\u00e9s allargat. L\u2019objectiu que em venia amb la c\u00e0mera es un NIKKOR 28-80 1:3,5-5,6D.<\/span><\/div>\n<div class=\"story\" style=\"color: #ffcc99;\"><\/div>\n<div class=\"story\" style=\"color: #ffcc99;\"><\/div>\n<div class=\"story\" style=\"color: #ffcc99;\">\n<h3 style=\"color: #334d55;\"><span style=\"color: #800000;\">EL PAS CAP AL MON DE LA IMATGE DIGITAL<br \/>\n<\/span><\/h3>\n<p><span style=\"color: #000000;\">Al setembre de 2002 vaig comprar la primera digital, una compacta amb escasses prestacions\u00a0per\u00f2 per la gr\u00e0cia de fer fotos i veure el resultat al moment; era la SAMSUNG DIGIMAX 130,\u00a0una maquina capa\u00e7 de fer fotos a 1,3Mp. Per 200\u20ac. Mes tard van anar venint d\u2019altres com una\u00a0TRUST que gravava v\u00eddeo i tot, FUJIFILM FINEPIX 1300, OLYMPUS FE100 x710&#8230; Arriba setembre de 2005 i faig un altre gran pas, em compro la primera DSLR digital la\u00a0OLYMPUS E300.<\/span><\/p>\n<\/div>\n<div class=\"story\" style=\"color: #ffcc99;\"><\/div>\n<div class=\"story\" style=\"color: #ffcc99;\"><\/div>\n<div class=\"story\" style=\"color: #ffcc99;\"><\/div>\n<div class=\"story\" style=\"color: #ffcc99;\"><\/div>\n<div class=\"story\" style=\"color: #ffcc99;\"><\/div>\n<div class=\"story\" style=\"color: #ffcc99;\"><span style=\"color: #000000;\">La OLYMPUS E300 ja es una c\u00e0mera amb la que es podien fer coses interessants amb la\u00a0avantatge de poder disposar de la imatge al moment, te un sensor de 8Mp, i totes aquelles\u00a0funcions que fan que puguis treballar la fotografia en tots els seus par\u00e0metres. Per aquesta\u00a0c\u00e0mera ja disposo d\u2019un parell d\u2019objectius; un ZUIKO DIGITAL 14-45 1:3,5-5,6 i un ZUIKO\u00a0DIGITAL 40-150 1:3,5-5,6. Tamb\u00e9 coincidia amb una \u00e8poca en la que viatjava una mica m\u00e9s i\u00a0podia gaudir de fer fotos amb m\u00e9s intensitat. Finalment a l\u2019any 2009 faig les meves ultimes adquisicions en quant a c\u00e0meres, una NIKON D60\u00a0comprada en un viatge a Singapur i una NIKON D300 comprada 9 mesos despr\u00e8s.<\/span><\/div>\n<div class=\"story\" style=\"color: #ffcc99;\"><\/div>\n<div class=\"story\" style=\"color: #ffcc99;\"><\/div>\n<div class=\"story\" style=\"color: #ffcc99;\"><\/div>\n<div class=\"story\" style=\"color: #ffcc99;\">\u00a0\u00a0\u00a0\u00a0\u00a0\u00a0\u00a0\u00a0\u00a0\u00a0\u00a0\u00a0\u00a0\u00a0\u00a0\u00a0\u00a0\u00a0\u00a0\u00a0\u00a0\u00a0\u00a0\u00a0\u00a0\u00a0\u00a0\u00a0\u00a0\u00a0\u00a0\u00a0\u00a0\u00a0\u00a0<img loading=\"lazy\" decoding=\"async\" class=\"alignnone size-medium wp-image-25\" src=\"http:\/\/www.rgti.net\/wp-content\/uploads\/2014\/06\/DSC_4990-300x200.jpg\" alt=\"DSC_4990\" width=\"300\" height=\"200\" srcset=\"https:\/\/www.rgti.net\/wp-content\/uploads\/2014\/06\/DSC_4990-300x200.jpg 300w, https:\/\/www.rgti.net\/wp-content\/uploads\/2014\/06\/DSC_4990.jpg 1024w\" sizes=\"auto, (max-width: 300px) 100vw, 300px\" \/><\/div>\n<div class=\"story\" style=\"color: #ffcc99;\"><\/div>\n<div class=\"story\" style=\"color: #ffcc99;\"><\/div>\n<div class=\"story\" style=\"color: #ffcc99;\"><span style=\"color: #000000;\">I els accessoris que mes o menys vaig fent servir com disparador remot Phottix, un parell de\u00a0tr\u00edpodes, flash SB600, filtres, motxilles, etc.<\/span><\/div>\n","protected":false},"excerpt":{"rendered":"<p>El meu nom es Rafel, Soc d&#8217;un poble que es diu Olesa de Montserrat a [&hellip;]<\/p>\n","protected":false},"author":1,"featured_media":7,"parent":0,"menu_order":0,"comment_status":"open","ping_status":"open","template":"","meta":{"footnotes":""},"class_list":["post-2","page","type-page","status-publish","has-post-thumbnail","hentry"],"_links":{"self":[{"href":"https:\/\/www.rgti.net\/index.php?rest_route=\/wp\/v2\/pages\/2","targetHints":{"allow":["GET"]}}],"collection":[{"href":"https:\/\/www.rgti.net\/index.php?rest_route=\/wp\/v2\/pages"}],"about":[{"href":"https:\/\/www.rgti.net\/index.php?rest_route=\/wp\/v2\/types\/page"}],"author":[{"embeddable":true,"href":"https:\/\/www.rgti.net\/index.php?rest_route=\/wp\/v2\/users\/1"}],"replies":[{"embeddable":true,"href":"https:\/\/www.rgti.net\/index.php?rest_route=%2Fwp%2Fv2%2Fcomments&post=2"}],"version-history":[{"count":6,"href":"https:\/\/www.rgti.net\/index.php?rest_route=\/wp\/v2\/pages\/2\/revisions"}],"predecessor-version":[{"id":9,"href":"https:\/\/www.rgti.net\/index.php?rest_route=\/wp\/v2\/pages\/2\/revisions\/9"}],"wp:featuredmedia":[{"embeddable":true,"href":"https:\/\/www.rgti.net\/index.php?rest_route=\/wp\/v2\/media\/7"}],"wp:attachment":[{"href":"https:\/\/www.rgti.net\/index.php?rest_route=%2Fwp%2Fv2%2Fmedia&parent=2"}],"curies":[{"name":"wp","href":"https:\/\/api.w.org\/{rel}","templated":true}]}}

<div class="feature" style="color: #ffcc99;">
<h3 class="Estilo1" style="color: #ffff00;"></h3>
<p><span style="color: #000000;">El meu nom es Rafel, Soc d&#8217;un poble que es diu Olesa de Montserrat a la comarca del baix llobregat provincia de Barcelona a Catalunya, ting mes de quaranta anys i des de els catorze que vaig començar amb la fotografia.</span></p>
</div>
<div class="story" style="color: #ffcc99;">
<h3 class="Estilo1" style="color: #ffff00;"><span style="color: #800000;">ELS MEUS INICIS<br />
</span></h3>
<p><span style="color: #000000;">Ja des de jove vaig sentir curiositat pel tema de la fotografia, afortunadament, el meu pare també li agradava i tenia una càmera a casa de pel·lícula amb la que feia les fotos familiars. Aquella càmera va ser la primera que va caure a les meves mans i amb la que vaig començar a entendre com funcionava tot això de la llum, apertures, velocitats, diafragmes, isos&#8230; etc.</span></p>
</div>
<div class="story" style="color: #ffff00;"></div>
<div class="story" style="color: #ffff00;"><a href="http://www.rgti.net/wp-content/uploads/2014/06/DSC3086.jpg"><img loading="lazy" decoding="async" class="alignnone size-medium wp-image-32" src="http://www.rgti.net/wp-content/uploads/2014/06/DSC3086-300x199.jpg" alt="_DSC3086" width="300" height="199" srcset="https://www.rgti.net/wp-content/uploads/2014/06/DSC3086-300x199.jpg 300w, https://www.rgti.net/wp-content/uploads/2014/06/DSC3086.jpg 1024w" sizes="auto, (max-width: 300px) 100vw, 300px" /></a> <a href="http://www.rgti.net/wp-content/uploads/2014/06/DSC3087.jpg"><img loading="lazy" decoding="async" class="alignnone size-medium wp-image-33" src="http://www.rgti.net/wp-content/uploads/2014/06/DSC3087-300x199.jpg" alt="_DSC3087" width="300" height="199" srcset="https://www.rgti.net/wp-content/uploads/2014/06/DSC3087-300x199.jpg 300w, https://www.rgti.net/wp-content/uploads/2014/06/DSC3087.jpg 1024w" sizes="auto, (max-width: 300px) 100vw, 300px" /></a></div>
<div class="story" style="color: #ffff00;"></div>
<div class="story" style="color: #ffcc99;"></div>
<div class="story" style="color: #ffff00;"><span style="color: #000000;">La YASHICA MINISTER D es una càmera que es va comercialitzar als voltants de 1963, utilitza pel·lícula de 35mm, porta una lent YASHINON de 5 elements en 4 grups de 4,5cm i f2,8-f16, pot enfocar de 0,8 a infinit, pot disparar des de 1 fins a 1/500 seg. I B; en la part de sota del objectiu te un temporitzador mecànic pel retard de disparar i al costat del objectiu te un connector per un flaix que vagi per cable. Donat lo car que era la compra del rodet i el posterior revelat, no vaig poder dedicar-me a fer gaires fotos i em vaig acomodar amb algunes compactes que ho feien tot soles sense preocupar-me massa dels paràmetres. Les fotografies que feia eren sobretot de esdeveniments familiars. Una d’elles era la FUJI DL25. Va ser a finals de 1989 que vaig decidir comprar-me la primera reflex que he tingut, una PETRI, recordo que en aquella època em va costar 35.000.-pts i va ser tornar a aprendre a fer fotografies, va coincidir a partir d’aquell moment que vaig començar a sortir i a fer més fotografia de paisatge.</span></div>
<div class="story" style="color: #ffff00;"></div>
<div class="story" style="color: #ffcc99;"><img loading="lazy" decoding="async" class="alignnone size-medium wp-image-17" src="http://www.rgti.net/wp-content/uploads/2014/06/petri-1_01-300x199.jpg" alt="petri 1_01" width="300" height="199" srcset="https://www.rgti.net/wp-content/uploads/2014/06/petri-1_01-300x199.jpg 300w, https://www.rgti.net/wp-content/uploads/2014/06/petri-1_01.jpg 600w" sizes="auto, (max-width: 300px) 100vw, 300px" /></div>
<div class="story" style="color: #ffcc99;"></div>
<div class="story" style="color: #ffcc99;"></div>
<div class="story" style="color: #ffcc99;"></div>
<div class="story" style="color: #ffcc99;"></div>
<div class="story" style="color: #ffcc99;"></div>
<div class="story" style="color: #ffcc99;"><span style="color: #000000;">Cap a l’any 2000, aprofitant que el meu germà viatjava molt i freqüentava Singapur, país on la electrònica està millor de preu que aquí, li vaig demanar que em portes una càmera amb mes prestacions que la PETRI, va ser aleshores que em va portar una NIKON F60. Amb aquesta càmera ja em sentia més còmode i m’atrevia a fer reportatges de casaments, comunions, batejos etc.nomes per afició. La PETRI li vaig vendre a un bon amic que encara la conserva i me l’ha deixat uns dies per fer-li unes fotos per posar-les aquí, gracies Dani.</span></div>
<div class="story" style="color: #ffcc99;"></div>
<div class="story" style="color: #ffcc99;"><img loading="lazy" decoding="async" class="alignnone size-medium wp-image-12" src="http://www.rgti.net/wp-content/uploads/2014/06/petri-5_01-300x199.jpg" alt="petri 5_01" width="300" height="199" srcset="https://www.rgti.net/wp-content/uploads/2014/06/petri-5_01-300x199.jpg 300w, https://www.rgti.net/wp-content/uploads/2014/06/petri-5_01.jpg 600w" sizes="auto, (max-width: 300px) 100vw, 300px" /><img loading="lazy" decoding="async" class="alignnone size-medium wp-image-30" src="http://www.rgti.net/wp-content/uploads/2014/06/DSC3090-300x199.jpg" alt="_DSC3090" width="300" height="199" srcset="https://www.rgti.net/wp-content/uploads/2014/06/DSC3090-300x199.jpg 300w, https://www.rgti.net/wp-content/uploads/2014/06/DSC3090.jpg 1024w" sizes="auto, (max-width: 300px) 100vw, 300px" /></div>
<div class="story" style="color: #ffcc99;"></div>
<div class="story" style="color: #ffcc99;"></div>
<div class="story" style="color: #ffcc99;"></div>
<div class="story" style="color: #ffcc99;"></div>
<div class="story" style="color: #ffcc99;"></div>
<div class="story" style="color: #ffcc99;"><span style="color: #000000;">La NIKON F60 es una càmera DSLR per pel·lícula de 35mm d’objectius intercanviables amb moltes funcions automàtiques; porta un dial de selecció de modos amb posicions preprogramades tipus retrat, paisatge, esports etc i les semiautomàtiques i manual P, S, A, M. Te un sistema d’autofocus, botons directes per la compensació de la exposició, roda per canviar els valors d’obertura i velocitat, display on es mostra la informació de la configuració, un segon display en la tapa posterior on esta la data i un boto amb el que pots seleccionar si vols que surti impresa a la foto o no. Te un llum d’assistència al enfocament i flaix incorporat. Com a curiositat cal dir que te un selector a la part de sota al costat de la rosca del trípode amb el qual podies seleccionar si volies que la foto fos panoràmica, que el que fa es que genera dues franges negres (una a dalt i un altre a baix) de la fotografia i en el moment del revelat s’ha de positivar en un paper més allargat. L’objectiu que em venia amb la càmera es un NIKKOR 28-80 1:3,5-5,6D.</span></div>
<div class="story" style="color: #ffcc99;"></div>
<div class="story" style="color: #ffcc99;"></div>
<div class="story" style="color: #ffcc99;">
<h3 style="color: #334d55;"><span style="color: #800000;">EL PAS CAP AL MON DE LA IMATGE DIGITAL<br />
</span></h3>
<p><span style="color: #000000;">Al setembre de 2002 vaig comprar la primera digital, una compacta amb escasses prestacions però per la gràcia de fer fotos i veure el resultat al moment; era la SAMSUNG DIGIMAX 130, una maquina capaç de fer fotos a 1,3Mp. Per 200€. Mes tard van anar venint d’altres com una TRUST que gravava vídeo i tot, FUJIFILM FINEPIX 1300, OLYMPUS FE100 x710&#8230; Arriba setembre de 2005 i faig un altre gran pas, em compro la primera DSLR digital la OLYMPUS E300.</span></p>
</div>
<div class="story" style="color: #ffcc99;"></div>
<div class="story" style="color: #ffcc99;"></div>
<div class="story" style="color: #ffcc99;"></div>
<div class="story" style="color: #ffcc99;"></div>
<div class="story" style="color: #ffcc99;"></div>
<div class="story" style="color: #ffcc99;"><span style="color: #000000;">La OLYMPUS E300 ja es una càmera amb la que es podien fer coses interessants amb la avantatge de poder disposar de la imatge al moment, te un sensor de 8Mp, i totes aquelles funcions que fan que puguis treballar la fotografia en tots els seus paràmetres. Per aquesta càmera ja disposo d’un parell d’objectius; un ZUIKO DIGITAL 14-45 1:3,5-5,6 i un ZUIKO DIGITAL 40-150 1:3,5-5,6. També coincidia amb una època en la que viatjava una mica més i podia gaudir de fer fotos amb més intensitat. Finalment a l’any 2009 faig les meves ultimes adquisicions en quant a càmeres, una NIKON D60 comprada en un viatge a Singapur i una NIKON D300 comprada 9 mesos desprès.</span></div>
<div class="story" style="color: #ffcc99;"></div>
<div class="story" style="color: #ffcc99;"></div>
<div class="story" style="color: #ffcc99;"></div>
<div class="story" style="color: #ffcc99;">                                   <img loading="lazy" decoding="async" class="alignnone size-medium wp-image-25" src="http://www.rgti.net/wp-content/uploads/2014/06/DSC_4990-300x200.jpg" alt="DSC_4990" width="300" height="200" srcset="https://www.rgti.net/wp-content/uploads/2014/06/DSC_4990-300x200.jpg 300w, https://www.rgti.net/wp-content/uploads/2014/06/DSC_4990.jpg 1024w" sizes="auto, (max-width: 300px) 100vw, 300px" /></div>
<div class="story" style="color: #ffcc99;"></div>
<div class="story" style="color: #ffcc99;"></div>
<div class="story" style="color: #ffcc99;"><span style="color: #000000;">I els accessoris que mes o menys vaig fent servir com disparador remot Phottix, un parell de trípodes, flash SB600, filtres, motxilles, etc.</span></div>
